4*m = -141, -4*s + 4*m + 0*m + 84 = a. What is the greatest common divisor of 25 and s?
25
Suppose -8306 + 88646 = 20*s + 10*s. Calculate the highest common divisor of s and 26.
26
Suppose -16*l + 153 = l. Suppose 58 = 2*w + 2*x, x - l = 4*x. Calculate the highest common factor of w and 32.
32
Let d = -26978 - -27110. Calculate the highest common factor of 484 and d.
44
Let i be 2873/65 + (-1 - 0)*(-11)/(-55). What is the highest common divisor of 12188 and i?
44
Suppose -4*d - 4 = b, -2*b - 2*d = -5*d + 30. Let c(v) = -53*v + 156. Let i be c(b). Calculate the greatest common divisor of 12 and i.
12
Let u(g) = g**3 + 12*g**2 + 8*g. Let l be u(-11). Suppose 236*k - 253*k = -5423. Calculate the highest common divisor of l and k.
11
Let r = -180 + 355. Suppose 3*b - 80 = -u + 7*b, b - r = -3*u. Calculate the highest common factor of u and 45.
15
Suppose 219*g = -53*g - 5978 + 33178. What is the highest common divisor of 8 and g?
4
Let x = 94 + -167. Let c = x - -99. Calculate the greatest common factor of 39 and c.
13
Let h be 46 - -2*(-2 - 9 - -10). Calculate the greatest common divisor of h and 3014.
22
Let f be 3 + -9 - (-4)/(-6)*-93. Suppose -2*l + 94 = a + 3*l, 422 = 5*a + l. What is the highest common factor of f and a?
28
Suppose 0 = -5*h + 48*o - 50*o + 141493, -84897 = -3*h - o. Calculate the greatest common factor of h and 91.
91
Suppose -220*a - 2265470 + 2882704 = -3750866. Calculate the greatest common divisor of 55 and a.
55
Let o be (-2)/2 + (-1 - 3) + 30. Suppose o*t - 15*t = 100. Calculate the greatest common divisor of t and 80.
10
Let n = 2040 - 2028. Let f(j) = -j + 7. Let b be (-10)/2*(2 - 1). Let l be f(b). Calculate the highest common divisor of n and l.
12
Suppose -143470 = 377*g - 302009 - 474444. Calculate the highest common factor of g and 621.
23
Let k be 7 + 10/5 + 6. Suppose 3*m - 66 = -3*n, m = 3 - 2. Calculate the highest common divisor of n and k.
3
Suppose 7824 - 5424 = 24*n. Calculate the highest common factor of n and 1240.
20
Suppose 0 = r + 8, 6*b + 5*r - 1292 = 3*b. Calculate the highest common factor of b and 1998.
222
Suppose 0 = 10*i - 22*i - 108. Let d be (i/18)/(((-2)/420)/1). What is the highest common divisor of d and 35?
35
Let o = 735 + -731. Suppose 0 = -o*a + t + 190, -28*t + 104 = 2*a - 33*t. Calculate the greatest common factor of a and 47.
47
Let h be (-7)/(-8*(-7)/(-168)). Calculate the greatest common divisor of h and 371.
7
Suppose -162 = -5*b - 3*g - 29, 0 = -2*b - g + 54. Let h = b + 70. Suppose 3*r = -5*w + 29 + 25, 4*r - 12 = 0. Calculate the greatest common factor of h and w.
9
Let o = 12680 + -6173. Calculate the highest common factor of o and 27.
27
Let x be ((-2 + -21)*-5)/1 + 17 + -11. Suppose 2*q + 21 = p - 40, -4*p - q + 244 = 0. Let c = x + p. What is the greatest common factor of c and 14?
14
Suppose 3*j = -5*t + 281, 3*j + 4*t - 342 = -62. What is the greatest common factor of 20 and j?
4
Let b = 108 + -106. Suppose q - 3*d = -29, -b*d - d + 133 = -5*q. Let l = q + 111. What is the greatest common divisor of l and 17?
17
Let w = -521 - -73. Let y = w + 634. What is the highest common divisor of 310 and y?
62
Let x(o) = -77*o**2 - 32*o + 4. Let l be x(-2). Let z = l + 246. Calculate the greatest common factor of 34 and z.
2
Suppose -1558*c + 216522 = -1540*c. Calculate the highest common divisor of c and 115.
23
Let i(t) = -55*t - 496. Let v be i(-10). Calculate the greatest common factor of 414 and v.
18
Let j(h) = -11*h - 755. Let t be j(-88). What is the greatest common factor of 142 and t?
71
Suppose -190 = -i - l + 87, -5*l + 25 = 0. Calculate the highest common factor of 102 and i.
34
Let y be (-24)/60 - -519*2/(-5). Let z = 223 + y. What is the highest common divisor of z and 3?
3
Let v(c) = 62*c**2 - 3*c + 2. Let j be v(2). Let r(w) = -w**3 + 64*w + 61. Let l be r(-8). What is the highest common factor of l and j?
61
Suppose -168 = -3*x - 5*x. Suppose -2*y = -6, 2*y + x = u + 7. Calculate the highest common divisor of 90 and u.
10
Let y(i) = i**3 + 12*i**2 - 14*i - 7. Let o = 263 - 276. Let t be y(o). Calculate the greatest common divisor of t and 8.
2
Let u = -13265 - -13271. Calculate the greatest common factor of u and 2049.
3
Let n = 159 - -7. Let d = -160 + n. Suppose -2*u = -6 - 2. What is the greatest common divisor of d and u?
2
Let g(s) = 270*s + 36499. Let v be g(-135). Let r(p) = 761*p - 3. Let f be r(2). What is the highest common divisor of f and v?
49
Let a(h) = -10*h - 23. Let w be a(-17). Let o = w + -30. Let n(t) = -4*t - 11. Let k be n(-5). What is the highest common factor of k and o?
9
Suppose 8*c = -49 - 71. Let n be (c/(-6))/((-4)/(-16)) - 4. Calculate the greatest common factor of 102 and n.
6
Suppose 2*u - 3*k + 5*k = 42, -u = -k - 19. Let z(p) = 3*p**2 - 14*p - 47. Let q be z(9). Calculate the greatest common divisor of q and u.
10
Suppose 6076 = 145*l + 1364 - 2828. What is the greatest common divisor of 308 and l?
4
Let z be ((-72)/(-60))/((-1)/5). Let o be 2/(-4 - 49/(-12)). Let h = z + o. What is the greatest common factor of h and 90?
18
Suppose 52*s - 39*s - 2223 = 0. Suppose 178*y = s*y + 4928. Calculate the highest common factor of y and 11.
11
Suppose 0 = 4*a - x - 1460, -34*x + 1850 = 5*a - 29*x. Calculate the highest common divisor of 854 and a.
122
Let r = -2122 + 2139. Let s(c) = -c**3 + c**2 + 3*c + 3. Let v be s(-2). Suppose 14*d = v*d + 935. What is the highest common factor of d and r?
17
Suppose -3*u - 4*w = -864, -33*u + 32*u = 2*w - 290. What is the greatest common divisor of 9514 and u?
142
Suppose -3*k = -15 - 21. Let l be 5 - (3*-8)/(-4). Let i be (2 - -101) + -2 + l + 8. What is the greatest common divisor of i and k?
12
Let n be 4/6*9/6. Let z be (-12)/96*-36*28/n. Calculate the greatest common factor of z and 36.
18
Suppose -q = -v - 2 + 47, 4*v + 4*q = 156. Let b be (v/56)/((-1)/(-248)). Calculate the highest common divisor of 31 and b.
31
Let f = 6 + -3. Let v(u) = 2*u**3 - 11*u**2 + 6*u + 8. Let p be v(7). Suppose 50 = -f*c + p. Calculate the greatest common divisor of c and 7.
7
Let a = 338 - 213. Let j(y) = -71*y**2 - 1352*y - 16. Let i be j(-19). Let u = a - i. Calculate the highest common divisor of 12 and u.
12
Let i = 13657 + -13324. What is the highest common divisor of 27 and i?
9
Suppose -45*x = -458 - 442. Calculate the greatest common factor of 3730 and x.
10
Let t(n) = 6*n**3 - 3*n**2 + 9*n - 30. Let l be t(7). Suppose -l = -4*r - 2*c, 3*c + 1507 = 4*r - 417. Calculate the highest common divisor of 44 and r.
44
Suppose -x = 2*w - 722 + 41, w - 5*x - 357 = 0. Suppose 0 = -10356*u + 10657*u - 5418. What is the highest common divisor of u and w?
18
Let a = -4683 - -5420. What is the greatest common factor of 67 and a?
67
Let o be (16240/49)/2*14. Calculate the greatest common factor of o and 174.
58
Suppose 205 = 3*f - 5*l, -2*f + 80*l = 83*l - 124. What is the highest common factor of f and 21710?
65
Let j(i) = i**3 - 92*i**2 + 484*i - 4214. Let p be j(87). Suppose -2*d + 4*u = 13 - 75, 0 = 3*d + 4*u - 113. Calculate the greatest common factor of p and d.
7
Suppose -p = -6*p + 395. Let u(h) = h**3 + 81*h**2 + 152*h - 473. Let f be u(-79). Calculate the greatest common factor of p and f.
1
Let r(h) = 3*h**2 + 5*h - 5. Suppose 5*w = -w - 30. Let s be r(w). Suppose s*j - 47*j + 140 = 0. Calculate the highest common divisor of j and 30.
10
Let b(t) = -5*t**2 + 8*t + 4. Let g be b(2). Suppose g = -36*l + 11*l + 450. Suppose -4*h + 880 - 232 = 0. Calculate the greatest common factor of h and l.
18
Suppose 2*s + 2*j = 1620, 2*s + 3*j = 1417 + 201. Calculate the highest common divisor of 84 and s.
28
Let g be -590*(3 - -1 - 99/22). Let p = -292 + g. Let a = -1 - -52. What is the highest common factor of p and a?
3
Suppose i - 73 - 111 = -3*y, 2*i - 3*y - 323 = 0. What is the highest common divisor of 39 and i?
13
Let j be 3480/(-4)*((-3)/3 - 25/50). What is the greatest common factor of j and 957?
87
Let k(v) = 14*v**2 - 21*v + 37. Let a be k(-9). What is the greatest common factor of 765 and a?
85
Let w(r) = -7*r + 30. Let a be w(-4). Calculate the highest common divisor of a and 1450.
58
Suppose -135*k + 142*k - 490 = 0. Calculate the highest common factor of k and 845.
5
Let k(y) = -y**3 - 5*y**2 - 3*y + 3. 